 3) to base 13.
-1
What is 38 (base 11) in base 8?
51
What is -101 (base 4) in base 8?
-21
What is -7 (base 9) in base 7?
-10
-332 (base 4) to base 16
-3e
What is -11 (base 15) in base 7?
-22
48 (base 12) to base 9
62
Convert 10 (base 8) to base 15.
8
What is -12201 (base 3) in base 11?
-130
14 (base 9) to base 15
d
40 (base 10) to base 13
31
Convert 8 (base 9) to base 13.
8
What is -1aa (base 13) in base 3?
-102110
What is -6 (base 10) in base 9?
-6
-1 (base 7) to base 3
-1
Convert -44 (base 9) to base 15.
-2a
201 (base 3) to base 2
10011
What is 1 (base 11) in base 13?
1
415 (base 6) to base 2
10011011
What is -b (base 13) in base 5?
-21
-10 (base 10) to base 7
-13
Convert -b (base 13) to base 10.
-11
Convert 12 (base 5) to base 12.
7
-33 (base 13) to base 6
-110
40 (base 6) to base 9
26
What is 6 (base 12) in base 6?
10
1000111 (base 2) to base 14
51
What is 24 (base 13) in base 10?
30
What is -12 (base 7) in base 10?
-9
What is -1041 (base 5) in base 10?
-146
a9 (base 14) to base 2
10010101
What is -2 (base 12) in base 10?
-2
-12 (base 4) to base 15
-6
What is -11 (base 2) in base 3?
-10
17 (base 10) to base 5
32
1324 (base 6) to base 14
1a4
0 (base 11) to base 7
0
0 (base 10) to base 3
0
-135 (base 12) to base 6
-505
9 (base 13) to base 4
21
What is -29 (base 13) in base 16?
-23
What is 2 (base 5) in base 3?
2
Convert -28 (base 9) to base 2.
-11010
Convert 160 (base 9) to base 13.
a5
What is -26 (base 9) in base 14?
-1a
-1000 (base 3) to base 4
-123
What is -45 (base 7) in base 5?
-113
Convert -1 (base 10) to base 3.
-1
What is 35 (base 8) in base 6?
45
What is -3 (base 13) in base 15?
-3
Convert 2 (base 14) to base 11.
2
-8b (base 13) to base 2
-1110011
What is -4 (base 5) in base 16?
-4
What is d (base 15) in base 12?
11
228 (base 10) to base 5
1403
1 (base 6) to base 12
1
-11030 (base 4) to base 11
-282
Convert -9 (base 13) to base 8.
-11
What is 204 (base 6) in base 8?
114
11100110 (base 2) to base 13
149
What is -4 (base 10) in base 6?
-4
-3 (base 11) to base 10
-3
What is 130 (base 4) in base 7?
40
Convert -1 (base 4) to base 15.
-1
What is -6 (base 10) in base 13?
-6
What is -23 (base 10) in base 11?
-21
What is -5 (base 9) in base 14?
-5
What is -3f (base 16) in base 12?
-53
2 (base 12) to base 9
2
-3 (base 12) to base 15
-3
-7 (base 13) to base 3
-21
-11 (base 6) to base 5
-12
What is -34 (base 16) in base 13?
-40
-1302 (base 4) to base 16
-72
Convert 7 (base 12) to base 11.
7
0 (base 10) to base 14
0
What is 15 (base 14) in base 12?
17
50 (base 7) to base 9
38
Convert -117 (base 10) to base 2.
-1110101
157 (base 10) to base 9
184
13 (base 12) to base 5
30
What is 27 (base 16) in base 6?
103
What is 17 (base 8) in base 14?
11
Convert -3 (base 6) to base 5.
-3
What is -13 (base 5) in base 13?
-8
What is 1 (base 14) in base 10?
1
9 (base 13) to base 5
14
-4 (base 10) to base 16
-4
-56 (base 10) to base 6
-132
-11101 (base 2) to base 13
-23
What is 1 (base 12) in base 3?
1
0 (base 10) to base 12
0
-2 (base 7) to base 12
-2
What is 0 (base 9) in base 7?
0
Convert -22 (base 3) to base 15.
-8
Convert 341 (base 5) to base 4.
1200
What is 110 (base 2) in base 5?
11
-c3 (base 14) to base 10
-171
Convert 4b (base 15) to base 13.
56
What is -8a (base 13) in base 9?
-136
Convert 1002 (base 4) to base 11.
60
What is 132 (base 4) in base 15?
20
What is -b0 (base 12) in base 6?
-340
What is 19 (base 10) in base 2?
10011
What is -36 (base 11) in base 2?
-100111
-32 (base 6) to base 9
-22
-8a (base 15) to base 14
-94
0 (base 6) to base 2
0
What is 1001 (base 3) in base 6?
44
Convert 18 (base 14) to base 15.
17
28 (base 9) to base 10
26
What is -230 (base 5) in base 15?
-45
Convert 2 (base 14) to base 2.
10
-1021 (base 4) to base 2
-1001001
What is -4 (base 11) in base 8?
-4
-425 (base 6) to base 7
-320
-3 (base 10) to base 9
-3
What is 3 (base 7) in base 10?
3
-200 (base 4) to base 14
-24
Convert 32 (base 4) to base 11.
13
What is 77 (base 14) in base 16?
69
What is -99 (base 14) in base 3?
-12000
1001 (base 2) to base 9
10
What is -112 (base 5) in base 14?
-24
What is -201 (base 3) in base 14?
-15
-4 (base 14) to base 11
-4
Convert 0 (base 5) to base 14.
0
-1 (base 11) to base 8
-1
Convert -203 (base 5) to base 11.
-49
What is 0 (base 14) in base 7?
0
Convert -3 (base 11) to base 6.
-3
Convert 0 (base 9) to base 5.
0
What is -1 (base 2) in base 7?
-1
Convert -1dc (base 14) to base 8.
-606
Convert -7 (base 14) to base 13.
-7
-16 (base 8) to base 6
-22
What is -120 (base 3) in base 4?
-33
-b3 (base 13) to base 7
-266
-55 (base 15) to base 4
-1100
-33 (base 4) to base 2
-1111
Convert -2 (base 7) to base 14.
-2
Convert -4 (base 11) to base 4.
-10
Convert c (base 14) to base 15.
c
-24 (base 8) to base 16
-14
Convert 9 (base 13) to base 14.
9
-42 (base 8) to base 5
-114
What is -a (base 15) in base 13?
-a
What is 3 (base 8) in base 2?
11
Convert 4 (base 16) to base 10.
4
Convert 8e (base 16) to base 3.
12021
Convert -118 (base 10) to base 5.
-433
Convert 2 (base 13) to base 8.
2
80 (base 10) to base 2
1010000
100 (base 2) to base 9
4
Convert 28 (base 10) to base 15.
1d
What is -32 (base 14) in base 10?
-44
3 (base 12) to base 4
3
-254 (base 7) to base 8
-211
-7 (base 9) to base 5
-12
What is -8 (base 16) in base 3?
-22
Convert -1 (base 6) to base 8.
-1
What is 19 (base 15) in base 3?
220
-4 (base 15) to base 11
-4
What is -26 (base 12) in base 15?
-20
What is 0 (base 5) in base 7?
0
What is 11 (base 8) in base 11?
9
What is -2 (base 8) in base 5?
-2
What is -29 (base 11) in base 2?
-11111
What is -21 (base 8) in base 7?
-23
33 (base 7) to base 5
44
Convert 7 (base 8) to base 16.
7
What is -106 (base 7) in base 6?
-131
-2 (base 15) to base 2
-10
What is 59 (base 12) in base 16?
45
What is -10 (base 10) in base 6?
-14
What is -96 (base 16) in base 15?
-a0
What is -75 (base 9) in base 2?
-1000100
13 (base 5) to base 11
8
Convert -155 (base 6) to base 15.
-4b
-12 (base 4) to base 13
-6
What is -7 (base 12) in base 4?
-13
-1 (base 13) to base 8
-1
What is -1 (base 14) in base 7?
-1
What is 3 (base 7) in base 8?
3
What is 30 (base 4) in base 8?
14
11 (base 10) to base 5
21
What is -1a (base 14) in base 5?
-44
Convert -2 (base 16) to base 5.
-2
Convert c7 (base 13) to base 7.
322
What is -a (base 11) in base 9?
-11
-15 (base 7) to base 9
-13
Convert -211 (base 3) to base 5.
-42
What is -101200 (base 3) in base 6?
-1200
2 (base 9) to base 10
2
What is 233 (base 4) in base 10?
47
-22 (base 16) to base 2
-100010
Convert -21 (base 8) to base 2.
-10001
-10110 (base 2) to base 11
-20
Convert 110 (base 4) to base 8.
24
Convert -1100 (base 2) to base 12.
-10
Convert 191 (base 11) to base 3.
22012
Convert -2 (base 10) to base 7.
-2
3 (base 14) to base 10
3
What is -4 (base 13) in base 14?
-4
What is -353 (base 6) in base 7?
-261
What is 43 (base 6) in base 8?
33
0 (base 7) to base 8
0
What is 1 (base 13) in base 14?
1
194 (base 12) to base 6
1104
-3 (base 4) to base 5
-3
What is -1 (base 8) in base 10?
-1
Convert 4 (base 7) to base 9.
4
-8 (base 9) to base 13
-8
3 (base 6) to base 7
3
What is -126 (base 9) in base 2?
-1101001
What is -33 (base 4) in base 6?
-23
91 (base 12) to base 14
7b
0 (base 15) to base 5
0
11 (base 4) to base 14
5
Convert -1 (base 10) to base 12.
-1
What is 28 (base 12) in base 7?
44
What is 0 (base 15) in base 4?
0
Convert 32 (base 7) to base 10.
23
212 (base 9) to base 3
20102
What is -13 (base 11) in base 6?
-22
What is -17 (base 12) in base 6?
-31
2 (base 6) to base 7
2
What is -31 (base 9) in base 16?
-1c
Convert 7 (base 11) to base 15.
7
What is 3 (base 10) in base 8?
3
-3 (base 15) to base 5
-3
What is -108 (base 10) in base 13?
-84
-317 (base 9) to base 3
-100121
Convert -3 (base 16) to base 8.
-3
-10 (base 6) to base 10
-6
Convert 1 (base 3) to base 4.
1
What is -199 (base 12) in base 13?
-171
What is 1 (base 11) in base 7?
1
Convert 4a (base 14) to base 8.
102
2012 (base 4) to base 11
112
Convert 28 (base 12) to base 5.
112
-10 (base 3) to base 11
-3
Convert -21 (base 12) to base 13.
-1c
What is 423 (base 5) in base 6?
305
Convert 160 (base 7) to base 2.
1011011
Convert -10 (base 4) to base 6.
-4
Convert 10 (base 4) to base 6.
4
What is 3 (base 10) in base 12?
3
What is 72 (base 13) in base 10?
93
256 (base 13) to base 7
1123
Conv